remainder when 324 is divided by 104?
12
Calculate the remainder when 58 is divided by 15.
13
Calculate the remainder when 11706 is divided by 64.
58
Calculate the remainder when 170 is divided by 67.
36
Calculate the remainder when 6063 is divided by 3027.
9
What is the remainder when 1035 is divided by 10?
5
Calculate the remainder when 171 is divided by 22.
17
Calculate the remainder when 141 is divided by 13.
11
What is the remainder when 149 is divided by 26?
19
What is the remainder when 1146 is divided by 111?
36
Calculate the remainder when 727 is divided by 176.
23
What is the remainder when 88 is divided by 51?
37
What is the remainder when 33 is divided by 7?
5
Calculate the remainder when 5261 is divided by 85.
76
Calculate the remainder when 372 is divided by 75.
72
Calculate the remainder when 64 is divided by 6.
4
What is the remainder when 3789 is divided by 60?
9
What is the remainder when 103 is divided by 21?
19
What is the remainder when 88 is divided by 25?
13
What is the remainder when 867 is divided by 31?
30
Calculate the remainder when 392 is divided by 50.
42
Calculate the remainder when 690 is divided by 21.
18
What is the remainder when 492 is divided by 19?
17
What is the remainder when 3561 is divided by 18?
15
What is the remainder when 59 is divided by 9?
5
What is the remainder when 166 is divided by 20?
6
Calculate the remainder when 65 is divided by 11.
10
Calculate the remainder when 167 is divided by 11.
2
What is the remainder when 619 is divided by 49?
31
What is the remainder when 176 is divided by 14?
8
Calculate the remainder when 7610 is divided by 177.
176
Calculate the remainder when 32 is divided by 21.
11
Calculate the remainder when 103 is divided by 23.
11
What is the remainder when 538 is divided by 45?
43
Calculate the remainder when 8986 is divided by 31.
27
Calculate the remainder when 6683 is divided by 2222.
17
Calculate the remainder when 26 is divided by 7.
5
What is the remainder when 39 is divided by 5?
4
What is the remainder when 670 is divided by 16?
14
What is the remainder when 236 is divided by 27?
20
What is the remainder when 372 is divided by 20?
12
What is the remainder when 390 is divided by 10?
0
What is the remainder when 1695 is divided by 26?
5
What is the remainder when 333 is divided by 16?
13
Calculate the remainder when 9729 is divided by 24.
9
What is the remainder when 1182 is divided by 169?
168
Calculate the remainder when 2025 is divided by 51.
36
Calculate the remainder when 49 is divided by 13.
10
What is the remainder when 269 is divided by 88?
5
What is the remainder when 562 is divided by 94?
92
Calculate the remainder when 957 is divided by 48.
45
What is the remainder when 918 is divided by 20?
18
Calculate the remainder when 508 is divided by 2.
0
What is the remainder when 257 is divided by 118?
21
Calculate the remainder when 1498 is divided by 20.
18
Calculate the remainder when 117 is divided by 24.
21
Calculate the remainder when 7679 is divided by 54.
11
Calculate the remainder when 618 is divided by 155.
153
Calculate the remainder when 170 is divided by 48.
26
Calculate the remainder when 3560 is divided by 119.
109
Calculate the remainder when 131 is divided by 13.
1
Calculate the remainder when 379 is divided by 32.
27
What is the remainder when 33 is divided by 17?
16
Calculate the remainder when 1131 is divided by 365.
36
What is the remainder when 295 is divided by 53?
30
What is the remainder when 767 is divided by 6?
5
Calculate the remainder when 259 is divided by 22.
17
Calculate the remainder when 432 is divided by 202.
28
Calculate the remainder when 12610 is divided by 2100.
10
Calculate the remainder when 9429 is divided by 115.
114
What is the remainder when 365 is divided by 99?
68
What is the remainder when 590 is divided by 119?
114
What is the remainder when 2432 is divided by 58?
54
What is the remainder when 169 is divided by 57?
55
What is the remainder when 351 is divided by 11?
10
What is the remainder when 789 is divided by 61?
57
Calculate the remainder when 21 is divided by 5.
1
Calculate the remainder when 94 is divided by 23.
2
Calculate the remainder when 123 is divided by 43.
37
Calculate the remainder when 167 is divided by 49.
20
Calculate the remainder when 283 is divided by 38.
17
Calculate the remainder when 1911 is divided by 8.
7
Calculate the remainder when 1430 is divided by 12.
2
What is the remainder when 157 is divided by 20?
17
What is the remainder when 213 is divided by 38?
23
Calculate the remainder when 147 is divided by 27.
12
Calculate the remainder when 308 is divided by 6.
2
Calculate the remainder when 220 is divided by 85.
50
Calculate the remainder when 339 is divided by 19.
16
What is the remainder when 159 is divided by 34?
23
Calculate the remainder when 53 is divided by 20.
13
What is the remainder when 190 is divided by 12?
10
What is the remainder when 503 is divided by 369?
134
What is the remainder when 330 is divided by 37?
34
Calculate the remainder when 411 is divided by 16.
11
What is the remainder when 180 is divided by 13?
11
What is the remainder when 7937 is divided by 54?
53
What is the remainder when 586 is divided by 345?
241
What is the remainder when 90 is divided by 38?
14
What is the remainder when 373 is divided by 51?
16
What is the remainder when 648 is divided by 11?
10
Calculate the remainder when 508 is divided by 139.
91
Calculate the remainder when 355 is divided by 91.
82
What is the remainder when 110 is divided by 35?
5
Calculate the remainder when 101 is divided by 51.
50
Calculate the remainder when 745 is divided by 247.
4
What is the remainder when 5884 is divided by 18?
16
What is the remainder when 1218 is divided by 47?
43
Calculate the remainder when 16628 is divided by 54.
50
Calculate the remainder when 201 is divided by 52.
45
Calculate the remainder when 791 is divided by 253.
32
Calculate the remainder when 111 is divided by 42.
27
What is the remainder when 267 is divided by 27?
24
Calculate the remainder when 1844 is divided by 26.
24
What is the remainder when 143 is divided by 94?
49
What is the remainder when 1800 is divided by 16?
8
What is the remainder when 160 is divided by 15?
10
Calculate the remainder when 5879 is divided by 147.
146
Calculate the remainder when 479 is divided by 69.
65
What is the remainder when 331 is divided by 83?
82
What is the remainder when 8421 is divided by 18?
15
What is the remainder when 688 is divided by 23?
21
Calculate the remainder when 582 is divided by 153.
123
What is the remainder when 7476 is divided by 9?
6
What is the remainder when 1032 is divided by 45?
42
Calculate the remainder when 59 is divided by 21.
17
Calculate the remainder when 166 is divided by 9.
4
Calculate the remainder when 80 is divided by 48.
32
What is the remainder when 43440 is divided by 203?
201
What is the remainder when 180 is divided by 79?
22
What is the remainder when 669 is divided by 329?
11
What is the remainder when 1453 is divided by 246?
223
What is the remainder when 191 is divided by 80?
31
What is the remainder when 8680 is divided by 17?
10
Calculate the remainder when 12274 is divided by 66.
64
Calculate the remainder when 617 is divided by 20.
17
Calculate the remainder when 1952 is divided by 163.
159
What is the remainder when 2906 is divided by 37?
20
Calculate the remainder when 108 is divided by 30.
18
Calculate the remainder when 101 is divided by 21.
17
Calculate the remainder when 9542 is divided by 129.
125
What is the remainder when 68 is divided by 48?
20
Calculate the remainder when 6503 is divided by 210.
203
Calculate the remainder when 204 is divided by 105.
99
What is the remainder when 70 is divided by 19?
13
What is the remainder when 104 is divided by 44?
16
What is the remainder when 1712 is divided by 72?
56
What is the remainder when 889 is divided by 162?
79
What is the remainder when 56 is divided by 45?
11
Calculate the remainder when 187 is divided by 150.
37
What is the remainder when 2202 is divided by 184?
178
What is the remainder when 41 is divided by 39?
2
What is the remainder when 434 is divided by 44?
38
Calculate the remainder when 31 is divided by 11.
9
Calculate th